ppose -45*y = -53*y - 1031 + 59647. List the prime factors of y.
17, 431
Suppose 17887786 = 260*w + 4697467 - 2548781. What are the prime factors of w?
5, 12107
Suppose -1398 = -5*b + 2*h, 4*b - h = 2*h + 1117. Suppose -6*a = 4*a + b. List the prime factors of (a/(-35))/(2/275).
2, 5, 11
Let q(j) = -4*j + 36. Let y(i) = -i + 9. Let t(u) = -2*q(u) + 9*y(u). Let n be t(10). What are the prime factors of 1 + (-3 - -1) + n + 221?
3, 73
Suppose -44*k = -35*k - 27. Suppose -k*s - 872 = -d, 8*s = 10*s. What are the prime factors of d?
2, 109
Let y(m) = -1309*m + 20. Let h be y(1). Let r = 2600 + h. List the prime factors of r.
3, 19, 23
Let t be (5 + -99)*15*-11. Suppose -3*p + t = 8*p. Suppose -2*l - p = -7*l. List the prime factors of l.
2, 3, 47
Suppose 0 = 34*p + 17*p - 20*p - 1364310. What are the prime factors of p?
2, 3, 5, 163
Suppose -10*r - 181 = -11*r. Suppose -f - 280 = -4*h, 3*h - 3*f + 7 = 226. Let g = r - h. List the prime factors of g.
2, 7
Let t(s) = s + 8. Let g(b) = -b - 9. Let a(z) = 5*g(z) + 6*t(z). Let d be a(-17). What are the prime factors of (4/d + (-258)/28)*-10?
5, 19
Let s be (-122)/(-3)*(-10)/((-120)/(-18)). Let y = s + 65. Suppose -3*q - 4*w = -123, 4*q - 143 - 21 = -y*w. List the prime factors of q.
41
Suppose 4*f + 4*u - 3264 = 0, -3*f = -3*u - 334 - 2084. Suppose -8*l + 965 = -f. What are the prime factors of l?
2, 3, 37
Suppose -1872 = 3*x + 9*x. Let n = -49 - x. List the prime factors of n.
107
Suppose -147 = 3*h - 153. Suppose -4*q + g - 3*g = -3072, -h*g + 1540 = 2*q. What are the prime factors of q?
2, 383
Let g = -210 - -188. Let d(v) = -v**3 - 23*v**2 - 28*v + 51. List the prime factors of d(g).
3, 61
What are the prime factors of 118684/16 + 13/52?
2, 3709
Let a = 2636 - 3887. Let m = 1816 + a. List the prime factors of m.
5, 113
Suppose -3*p - 2*c + 525 = 0, 0*p - 856 = -5*p + 3*c. Suppose -2*z - p = -891. List the prime factors of z.
359
Suppose -3*g + 2*q = -14537 - 13678, 3*q = 6*q. List the prime factors of g.
3, 5, 11, 19
Suppose 11*m + 1346 - 74199 = 0. List the prime factors of m.
37, 179
Suppose 0 = 1694*q - 1689*q + 4*j - 31499, 0 = 5*q + 5*j - 31505. What are the prime factors of q?
5, 1259
Let b(t) = -t + t**3 + 3*t - 6 + 10*t**2 - t. Let u be (-355)/40 - (-1 - (-36)/32). What are the prime factors of b(u)?
2, 3, 11
What are the prime factors of ((-2472002)/12)/(-13) - 70/(-84)?
13, 23, 53
Suppose 0 = -u + 4*d + 16747, -342*u + 5*d = -339*u - 50262. List the prime factors of u.
16759
Suppose -222015 = 106*w - 147*w. List the prime factors of w.
3, 5, 19
Suppose -83824 = -1581*v + 1577*v. List the prime factors of v.
2, 13, 31
Let d(z) = -27*z**3 - 5*z**2 - 36*z + 23. List the prime factors of d(-8).
3, 5, 307
Suppose -4*l = z, 49 = 4*z + 4*l + 13. What are the prime factors of (165/z)/((-39)/(-12) - 3)?
5, 11
Let y(k) = k + 2. Let f be y(5). Suppose 539 = -f*w + 6412. List the prime factors of w.
839
Let i(x) = 6*x**3 + 10*x**2 + 10*x + 9. Let v be i(-7). Let n = v - -2325. What are the prime factors of n?
2, 3, 29
Suppose -11*r = 34*r - 71*r + 347308. List the prime factors of r.
2, 6679
Let s = -15 + 18. Let m be (36/1)/(-4) + s + -1. List the prime factors of m/(-1)*((-134)/(-14) - 1).
2, 3, 5
What are the prime factors of ((-12)/8)/((-90)/(-93132))*-5?
3, 13, 199
Let d = 87813 - 61016. List the prime factors of d.
127, 211
Let x(m) = -m. Let n(u) = 2*u**2 + 15*u - 13. Let k(b) = n(b) + 5*x(b). Let z = -48 + 41. List the prime factors of k(z).
3, 5
Let o(i) = 7*i + 286. Let h be o(-27). Suppose h*t = 87*t + 11210. List the prime factors of t.
19, 59
Let f = -63 + 66. Suppose -1123 = -f*i + 4*b + b, b = -5. Let a = i - 216. What are the prime factors of a?
2, 3, 5
Let r(d) = 8*d**2 + 4*d - 5. Let b be (1/4)/((-7)/(-56)). Suppose 0 = 5*y + 5*g, -4*y + 10 = -b*g + g. List the prime factors of r(y).
5, 7
Suppose 0*j + 182 = 13*j. Suppose 0 = 4*m + j - 22. What are the prime factors of (m - 0)*(-654)/(-12)?
109
Let b(j) = 82*j + 1870. List the prime factors of b(44).
2, 3, 11, 83
Let t(g) = 23*g**3 + 2*g**2 - 13*g + 27. Let h(c) = -c**3 + 15*c**2 - 23*c + 129. Let p be h(14). List the prime factors of t(p).
3, 11, 19
Let j = -9363 + 14706. List the prime factors of j.
3, 13, 137
Let k be 2 - ((-2)/(0 - 1) + -119). Suppose 23 + k = 2*z. Suppose -2*i - z = -3*x, 0 = -x + 2*i - 4*i + 37. List the prime factors of x.
3
Let r(h) be the third derivative of 43*h**4/8 + 25*h**3/6 + 2*h**2 + 18. What are the prime factors of r(2)?
283
Suppose -3*z - 29 = 3*n + 46, 4*z = -2*n - 108. Suppose 5*l + 108 = 8*l. Let d = z + l. List the prime factors of d.
7
Let t = -9 + 13. Let g be (t/6)/(-1*5/(-2205)). Suppose 0 = 5*o - g - 226. What are the prime factors of o?
2, 13
Let m(o) = -24*o - 11*o + 32 + 45 - 14. What are the prime factors of m(-6)?
3, 7, 13
Suppose -4 = -2*x + 5*b - 4*b, 4*x + b + 4 = 0. Suppose -2*a + 234 + 14 = x. Suppose -4*q + 332 = a. List the prime factors of q.
2, 13
Let w = -4029 + 29769. What are the prime factors of w?
2, 3, 5, 11, 13
Let k(l) = l**2 - 21*l - 63. Let m be k(11). Let u = 328 + m. What are the prime factors of u?
5, 31
Let w(q) = -262*q - 365. Suppose 3*r + 9*r = -72. What are the prime factors of w(r)?
17, 71
Let l = -66 + 72. Suppose 34*x = 36*x - l. What are the prime factors of (5229/33)/x + (-2)/(-11)?
53
Let c(v) = -v**2 + 9*v + 1. Let q be (-140)/(-21) + (-4)/(-3). Let u be c(q). Suppose u*p - 2*p - 14 = 0. List the prime factors of p.
2
Let r(v) = v**2 + 10*v - 22. Let k be r(4). Let f = k + -29. Suppose f*x = 5*g - 490, -3*g - 5*x = -470 + 176. List the prime factors of g.
2, 7
Let b(y) = 3*y**2 - 5*y + 13. Suppose -2*v = 2*v + q - 121, -2*v - 5*q + 65 = 0. Let d be 184/v - -1 - 4/30. What are the prime factors of b(d)?
5
Suppose -2*d - 10 = -22. What are the prime factors of (4/d)/((-68)/(-6120))?
2, 3, 5
Suppose -12*y + 198260 - 63404 = 0. What are the prime factors of y?
2, 3, 1873
Let a be (100/(-150))/((8/(-3))/4). What are the prime factors of 774 - (4/(2/a) + -2)?
2, 3, 43
Suppose 97*p - 564172 = -160333 + 471295. List the prime factors of p.
2, 13, 347
Let l(t) = -3*t**2 + 21*t + 142. Let z be l(-28). Let f = -1769 - z. What are the prime factors of f?
3, 7
Let i(w) = -4*w**3 + 8*w**2 - 6*w - 1. Let o = 92 + -87. Let f be i(o). Let n = f - -471. List the prime factors of n.
2, 5, 7
Let o(j) = -1994*j + 1997*j + j**2 - 2*j**2 + 138. Let m be (4/(-4) + 1)/(-1). What are the prime factors of o(m)?
2, 3, 23
Let f = 939 - -1401. Suppose 6*u - f = 1620. List the prime factors of u.
2, 3, 5, 11
Let h = -6415 - -11569. List the prime factors of h.
2, 3, 859
Suppose -2*w + 9936 + 1216 = 0. Suppose 72*o + w = 76*o. What are the prime factors of o?
2, 17, 41
Suppose 0 = 4*t + 2*g - 1106, 11*g = -2*t + 12*g + 563. Let d = t + -102. What are the prime factors of d?
3, 59
Suppose -4*y = 4*l - 92, 0 = l - 4*l - 4*y + 67. Suppose 31*n - 12 = l*n. Suppose 4*v = -2*d + 70, n*d = -d + 3*v + 96. List the prime factors of d.
3, 11
Suppose -3*m + 36262 = -y, -1509 = -2*m + 2*y + 22671. List the prime factors of m.
2, 6043
Let b = 82 + -86. Let a be (b/(-8))/(-1*2/(-16)). Suppose a*p + 308 = 11*p. What are the prime factors of p?
2, 11
Suppose 25*l - 21*l = -616. Let c = l - -168. Suppose -17*y + 498 = -c*y. What are the prime factors of y?
2, 83
Suppose -4*r + 229 = 13. Let j = 254 + r. List the prime factors of j.
2, 7, 11
Let i = -108 - -158. Suppose 0 = -2*u - 46 - i. Let o = u + 60. List the prime factors of o.
2, 3
Let b(n) = n**2 - 6*n - 17. Let i be b(7). Let o be (-94)/i + (-3)/((-90)/(-12)). Suppose 6 = 5*g - o. List the prime factors of g.
3
Let d = -56 - -60. Suppose 0*n + n + 7 = 3*x, -8 = 2*n - d*x. Suppose -3*h = -u + 57, 3*h = n*u - 169 + 52. List the prime factors of u.
2, 3, 5
Let w(s) = -23*s**3 + 6*s**2 - 3*s + 1. Let j be w(-6). Let d = -3246 + j. Suppose -d = -9*r - 274. List the prime factors of r.
11, 17
Let q = -2953 + 2955. Let t be 2/(-4) - 1995/(-6). List the prime factors of (-2 + 2 - 4) + t/q.
2, 3
Suppose 3*o = 2*n + 50963, -67939 = -4*o + 21*n - 20*n. List the prime factors of o.
3, 17, 37
Let x = 126 + -122. What are the prime factors of 28925/125 - x/10?
3, 7, 11
Let d = -102 - -107. Let w(y) = 36*y**2 - 8*y + 62. What are the prime factors of w